ds digit of w(q)?
3
Suppose 0 = -x - 36 + 43. Suppose -x*m = -314 - 330. Let f = -39 + m. What is the units digit of f?
3
Let q(g) be the first derivative of 45*g**2/2 + 11*g - 120. What is the hundreds digit of q(2)?
1
Let o = 403 + -399. Suppose 9*s - 1459 = -r + 10*s, 4*s - 5836 = -o*r. What is the thousands digit of r?
1
Suppose 5*s = 7*s - 11874. Suppose -15*i + s - 1857 = 0. Let t = 405 - i. What is the tens digit of t?
3
Let p(l) = -4*l - 34. Let k be p(-9). Suppose -3*m - 4*y = -3*y - 618, k*m = -4*y + 422. What is the tens digit of m?
0
Let k = -8 + 22. Suppose -4 = i + 2*j, -4*i - 3*j + k = -j. Suppose -i*r + 599 = -757. What is the hundreds digit of r?
2
Suppose -3*d = d - 12, -5*d = 3*i - 18. Suppose -11 - i = -2*w. Suppose w*m + 180 = 960. What is the tens digit of m?
3
Suppose 440*p - 432*p = -2624. Let q = p + 573. What is the hundreds digit of q?
2
Let i(r) = r**3 - r**2 + 3*r - 4. Let c be i(2). Suppose -6*q = -18 - c. Suppose -q*b + 2*b = -242. What is the hundreds digit of b?
1
Let w(l) = -870*l + 58. What is the thousands digit of w(-8)?
7
Let y(a) = 990*a**2 - 78*a - 5. What is the hundreds digit of y(-2)?
1
Suppose 2*i + 2*v - 45352 = 0, 194*v - 22682 = -i + 191*v. What is the ten thousands digit of i?
2
Suppose -6 = n - 4*n. Let h be 0/(-37) + (4 - 1). Suppose n*v = -5*t + 353, 4*v - 636 = h*t + t. What is the hundreds digit of v?
1
Let o = -31009 + 63711. What is the hundreds digit of o?
7
Let l be -1 + (-7 + 2)/5 + 2 - -2106. Suppose 0 = 6*o - o - 40. What is the units digit of l/72 - 2/o?
9
Let k(b) = 8401*b - 256. What is the thousands digit of k(2)?
6
Suppose -144*w + 2683686 + 5156095 = -1181099. What is the hundreds digit of w?
6
Let k be (-241)/(-3) - (3 + (-22)/6). Suppose 4*f + 3*j - k = 25, 4*f - 102 = -j. Let p(z) = z**3 - 24*z**2 - 25*z + 9. What is the units digit of p(f)?
9
Let o be 8*(4 - 60/16). Let y = 211 - 207. Suppose -5*d - 90 = -o*w + 24, 0 = -y*w - d + 272. What is the tens digit of w?
6
Suppose 0*l - 2*l - 22 = -2*r, -r - 3*l + 31 = 0. Let w = -3729 + 4386. Suppose 0 = u - 4*f - r - 203, -3*u + w = -5*f. What is the tens digit of u?
1
Suppose 2*q - 41 = -3*j - 35, -3*q + 9 = 4*j. Suppose -4*z + 9*z = 2*u - 1317, 0 = 3*u - q*z - 1980. What is the tens digit of u?
6
Let v be (-1 - (-14)/6)*3. Suppose 3*o + 3*k = 6*o + 78, -v*k + 20 = -o. Let g = o + 29. What is the units digit of g?
1
Suppose 71142 = 3*a + 4*y, 260*y - 265*y = 5*a - 118580. What is the hundreds digit of a?
7
Suppose 39*z + 3*z + 109*z - 6926370 = 0. What is the ten thousands digit of z?
4
Let d(k) = -2*k. Let m(y) = 917*y - 14. Let t(j) = 5*d(j) - m(j). What is the tens digit of t(-1)?
4
What is the ten thousands digit of 15/(-5) + 162420/15?
1
Let h(z) = -105*z**3 - 104*z**2 - 620*z - 14. What is the hundreds digit of h(-6)?
6
Suppose -3*z = -4*s - 6, 3*s + 4*z - 8 = 5*s. Suppose -2*f + 1804 = 4*h - 6*f, -2*f - 4 = s. What is the tens digit of h?
4
Let b(q) = 111*q**3 - 5*q**2 + 39*q - 159. What is the hundreds digit of b(4)?
0
Let x = 23231 + 19773. What is the ten thousands digit of x?
4
What is the thousands digit of 69158 - (17/85)/((-3)/9)*10?
9
Suppose 0 = y + 3*k - 6327, -4*y + 25308 = 7*k - 2*k. What is the thousands digit of y?
6
Suppose -3*l - 2*n + 25176 = 0, 48*l + 8370 = 49*l - 3*n. What is the units digit of l?
8
Suppose 75661 = -93*f + 97*f - 44939. What is the tens digit of f?
5
Let m(k) be the third derivative of k**5/60 - 11*k**4/24 + 11*k**3/3 + 17*k**2. Let y be m(9). What is the units digit of y*-2*(-10 - -7)?
4
Let u(c) = -c**3 - 10*c**2 + 24*c + 23. Let n be u(-12). Suppose -19*y + n*y - 532 = 0. What is the hundreds digit of y?
1
Suppose 19 = -k + 27. Suppose 0 = k*v - 44 + 4. What is the tens digit of ((-104)/(-20) - v) + (-509)/(-5)?
0
Suppose -23868 = 1884*x - 1897*x. What is the thousands digit of x?
1
Let v = 27210 + -13083. What is the tens digit of v?
2
Let d(r) = 2*r**3 + 15*r**2 + 6*r - 4. Let h be d(-7). Suppose 59 + 31 = h*y. Suppose -382 - y = -4*a. What is the hundreds digit of a?
1
Let j(w) = 12*w + 19. Let a be j(4). Suppose r - a = -183. What is the tens digit of (1 - (-35)/4) + (-29)/r?
1
Suppose 544 = 3*s - 119. Suppose -107 - s = -y. What is the hundreds digit of y?
3
Let o(p) = -41*p + 168. Let r be o(11). Let t = -162 - r. What is the tens digit of t?
2
Let w(v) = 21*v + 315. Let c = 196 - 201. What is the hundreds digit of w(c)?
2
Let i be (-797)/(((-24)/6)/(-4) - 2). Let n = -175 + i. What is the hundreds digit of n?
6
Suppose 4*t + 2*q + 8 = 0, -7*t = -11*t - 5*q + 4. Let r = t + 9. Suppose 4*f - o - 2*o = 10, -r*o = f - 14. What is the units digit of f?
4
Let y be 1/(-42)*-7 - 3134/12. What is the units digit of -2 - y - 8/2?
5
Let l(a) = -29*a - 2. Let p be l(-1). Let k(y) = 2*y + 3. Let d be k(6). Let j = p - d. What is the tens digit of j?
1
What is the tens digit of 10392 + -17 + (-28*2)/7?
6
Suppose -4*j = -5*j + 3*t + 14, 0 = 4*j + 5*t - 5. Let u(f) = 205*f - 13. What is the units digit of u(j)?
2
What is the units digit of (41 - -7288)*(-4)/(-7)?
8
Suppose 0 = -7*p + 53 - 18. Suppose 0 = 3*v + 2*x - 4, p*v + x - 5 = 11. Let a(o) = 2*o**2 + 2*o + 9. What is the tens digit of a(v)?
4
Suppose -25*j + 60196 = -23*j - 5*i, -30094 = -j + 2*i. What is the ten thousands digit of j?
3
Let y be (2/5)/((-62)/(-20) + -3). Suppose 0 = v - y*r - 61 - 50, 3*r = 3*v - 324. What is the units digit of v?
7
Suppose 3*c - 1384 = c. Let i = -472 + c. Let g = -155 + i. What is the units digit of g?
5
Let w = -69 - -69. Suppose w = 2*c + 10, -5*c + 0*c + 1027 = 2*l. What is the units digit of l?
6
Suppose 0 = -3*i - f + 31906 + 41883, -3*i + 73801 = 4*f. What is the ten thousands digit of i?
2
Let h(g) = g**3 + 22*g**2 + 26*g + 31. Let m be h(-21). Let i = 176 - m. What is the units digit of i?
0
Let b be (-42 + (1 - 1))*(-8580)/385. What is the units digit of 144/b - 5796/(-13)?
6
Let o = -29029 + 39237. What is the units digit of o?
8
Let n = 73 + 153. Suppose 0 = -r + 254 + n. Suppose -3*m + r = 4*s + m, -3*m + 600 = 5*s. What is the units digit of s?
0
Let z be 466/((2 - -2)/(-4)). Let o = -140 - z. What is the units digit of o?
6
Suppose 22340 = -10*q + 88160. What is the tens digit of q?
8
Let b = 2320 + 7565. What is the units digit of b?
5
Let x(t) = 141*t - 9. Let d be 9/4*-4*4/(-12). What is the units digit of x(d)?
4
Let x(a) be the second derivative of a**5/20 - 3*a**4/4 - 7*a**3/3 + 4*a**2 - 6*a - 7. What is the units digit of x(14)?
2
Suppose 2*q - 13 = -5. Let n be 8/10 + (-73164)/(-420). Suppose -l + 2*l + 5*t = n, -t = q*l - 719. What is the hundreds digit of l?
1
Suppose -4*a + 43 = 35. Let m be (-125)/45 + a/(-9). Let z = m + 21. What is the units digit of z?
8
Suppose 0 = -n - 6 + 8. Let k(f) = -14*f. Let m be k(-5). Suppose -4*s + 136 = 4*y, -n*s + 3*s - m = -2*y. What is the units digit of y?
6
Let o = -30925 - -54060. What is the ten thousands digit of o?
2
Let b = -127 + 132. Suppose -502 = -b*v - 4*x, -3*v - 5*x + 227 = -69. What is the hundreds digit of v?
1
What is the thousands digit of 2/2 - (2 - 5242 - 0)?
5
What is the hundreds digit of 29473 - ((9 - 14) + 5)?
4
Let h(g) = 3 - 17 - 8 - 3*g. Let t be h(-9). Suppose 3*m = -t*y + 255, -y = 3*m - 67 + 4. What is the units digit of y?
8
Suppose -7*n + 45 = -5*v - 2*n, 0 = 2*v - n + 17. Let j(m) = -5*m**3 + 11*m**2 + 24*m**3 - 3*m**2 - 18*m**3 + 4 - 13*m. What is the hundreds digit of j(v)?
1
Suppose -246*x - 53698 = -1350369 - 337999. What is the hundreds digit of x?
6
Let x be -22 + (5 - 7)/(-2). Let n(u) = 2*u**2 + 13*u + 33. What is the hundreds digit of n(x)?
6
Suppose -54 + 42 = -3*b. Suppose 441 = b*z - 11*z. What is the units digit of 2/3*z/(-2)?
1
Let a(v) = -v**2 - 8*v - 5. Let w be a(-7). What is the tens digit of w/2 - (-30)/15 - -21?
2
Let z(o) = -3*o**2 + 8*o. Suppose 2*m = 6*m - 24. Let c be z(m). What is the tens digit of (-550)/(-8) - (-45)/c?
6
Suppose 0 = 5*c - 391 + 36. Let k = c - 79. What is the tens digit of 7353/76 + 1 + 6/k?
9
Let r(v) = 4*v**2 + 60*v + 64. What is the units digit of r(33)?
0
Let o = 82 - 88. What is the units digit of (-7498)/(-14) - (162/63)/o?
6
Let l(g) be the third derivative of g**6/720 + g**5/15 + 3*g**4/8 + 5*g**2. Let d(m) be the second derivative of l(m). What is the 